{"id":2838,"date":"2023-09-01T10:57:43","date_gmt":"2023-09-01T08:57:43","guid":{"rendered":"https:\/\/dlaoswiaty.pl\/?page_id=2838"},"modified":"2023-09-01T11:18:28","modified_gmt":"2023-09-01T09:18:28","slug":"muzeum_kielce","status":"publish","type":"page","link":"https:\/\/dlaoswiaty.pl\/index.php\/muzeum_kielce\/","title":{"rendered":"Muzeum_Kielce"},"content":{"rendered":"<p>[et_pb_section fb_built=&#8221;1&#8243; next_background_color=&#8221;#dddddd&#8221; _builder_version=&#8221;3.26.3&#8243; background_color=&#8221;#DDDDDD&#8221; width=&#8221;100%&#8221; min_height=&#8221;601px&#8221; custom_margin=&#8221;0px||-9px||false|false&#8221; custom_padding=&#8221;0px||59px||false|false&#8221; bottom_divider_style=&#8221;arrow2&#8243;][et_pb_row custom_padding=&#8221;0px||0px|||&#8221; _builder_version=&#8221;3.26.3&#8243; min_height=&#8221;30px&#8221;][et_pb_column type=&#8221;4_4&#8243; _builder_version=&#8221;3.26.3&#8243;][\/et_pb_column][\/et_pb_row][et_pb_row column_structure=&#8221;2_5,3_5&#8243; custom_padding=&#8221;0px|||||&#8221; custom_margin=&#8221;-4px|auto||auto||&#8221; _builder_version=&#8221;3.26.3&#8243; min_height=&#8221;71px&#8221;][et_pb_column type=&#8221;2_5&#8243; _builder_version=&#8221;3.26.3&#8243;][et_pb_image src=&#8221;https:\/\/dlaoswiaty.pl\/wp-content\/uploads\/2023\/09\/MK02-scaled.jpg&#8221; _builder_version=&#8221;3.26.3&#8243; custom_margin=&#8221;||4px|||&#8221;][\/et_pb_image][et_pb_text _builder_version=&#8221;3.26.3&#8243; text_font=&#8221;Abel||||||||&#8221; text_font_size=&#8221;16px&#8221; text_text_color=&#8221;#000000&#8243;]<\/p>\n<p><span style=\"color: #000000;\">Galeria Malarstwa Polskiego i Europejskiej Sztuki Zdobniczej <\/span><\/p>\n<p>[\/et_pb_text][et_pb_image src=&#8221;https:\/\/dlaoswiaty.pl\/wp-content\/uploads\/2023\/09\/MK03-scaled.jpg&#8221; _builder_version=&#8221;3.26.3&#8243; custom_margin=&#8221;-12px||22px|||&#8221;][\/et_pb_image][et_pb_text _builder_version=&#8221;3.26.3&#8243; text_font=&#8221;Abel||||||||&#8221; text_font_size=&#8221;16px&#8221; text_text_color=&#8221;#000000&#8243; custom_margin=&#8221;-17px||||false|false&#8221;]<\/p>\n<p><span style=\"color: #000000;\">Izba sto\u0142owa g\u00f3rna Dawny Pa\u0142ac B.K.<\/span><\/p>\n<p>[\/et_pb_text][\/et_pb_column][et_pb_column type=&#8221;3_5&#8243; _builder_version=&#8221;3.26.3&#8243;][et_pb_text _builder_version=&#8221;3.26.3&#8243; custom_margin=&#8221;||22px|||&#8221; custom_padding=&#8221;||0px|||&#8221;]<\/p>\n<h2>Muzeum Narodowe w Kielcach<\/h2>\n<h5><span style=\"color: #000000;\">25-010 Kielce, pl. Zamkowy 1; tel. 41 344 67 64, 41 344 25 59<br \/><\/span><span style=\"color: #000000;\"><span style=\"color: #0000ff;\"><a href=\"mailto:poczta@mnki.pl\" style=\"color: #0000ff;\">poczta@mnki.pl<\/a><\/span>, <a href=\"http:\/\/www.mnki.pl\" target=\"_blank\" rel=\"noopener noreferrer\"><span style=\"color: #0000ff;\">www.mnki.pl<\/span><\/a><\/span><\/h5>\n<p>&nbsp;<\/p>\n<p>[\/et_pb_text][et_pb_text _builder_version=&#8221;3.26.3&#8243; min_height=&#8221;508px&#8221; custom_margin=&#8221;-11px||||false|false&#8221; custom_padding=&#8221;0px|0px||||&#8221;]<\/p>\n<h4>Muzeum Narodowe w Kielcach jest plac\u00f3wk\u0105 z ponad 100-letni\u0105 tradycj\u0105. W swoich zbiorach posiada cenne eksponaty z dziedziny malarstwa, rzemios\u0142a artystycznego, sztuki ludowej, literatury, archeologii i przyrody.<\/h4>\n<h4>Muzeum Narodowe w Kielcach kontynuuje tradycje Kieleckiego Oddzia\u0142u Polskiego Towarzystwa Krajoznawczego (PTK), za\u0142o\u017conego w 1908 roku. Za pocz\u0105tek jego dzia\u0142alno\u015bci uznaje si\u0119 8 pa\u017adziernika 1908 roku \u2013 dat\u0119 wpisu do inwentarza pierwszego zabytku \u2013 skrzemienia\u0142ego drewna z Miedzianej G\u00f3ry.<\/h4>\n<h4>Obecnie Muzeum Narodowe w Kielcach to pi\u0119\u0107 oddzia\u0142\u00f3w: Dawny Pa\u0142ac Biskup\u00f3w Krakowskich w Kielcach, Pa\u0142acyk Henryka Sienkiewicza w Obl\u0119gorku, Muzeum Stefana \u017beromskiego, Muzeum Dialogu Kultur oraz Muzeum Archeologiczne w Wi\u015blicy.<\/h4>\n<p>[\/et_pb_text][\/et_pb_column][\/et_pb_row][\/et_pb_section][et_pb_section fb_built=&#8221;1&#8243; _builder_version=&#8221;3.26.3&#8243; background_color=&#8221;#dddddd&#8221; custom_margin=&#8221;5px|||||&#8221; custom_padding=&#8221;0px||0px||false|false&#8221; top_divider_color=&#8221;#DDDDDD&#8221;][\/et_pb_section]<\/p>\n","protected":false},"excerpt":{"rendered":"<p>[et_pb_section fb_built=&#8221;1&#8243; next_background_color=&#8221;#dddddd&#8221; _builder_version=&#8221;3.26.3&#8243; background_color=&#8221;#DDDDDD&#8221; width=&#8221;100%&#8221; min_height=&#8221;601px&#8221; custom_margin=&#8221;0px||-9px||false|false&#8221; custom_padding=&#8221;0px||59px||false|false&#8221; bottom_divider_style=&#8221;arrow2&#8243;][et_pb_row custom_padding=&#8221;0px||0px|||&#8221; _builder_version=&#8221;3.26.3&#8243; min_height=&#8221;30px&#8221;][et_pb_column type=&#8221;4_4&#8243; _builder_version=&#8221;3.26.3&#8243;][\/et_pb_column][\/et_pb_row][et_pb_row column_structure=&#8221;2_5,3_5&#8243; custom_padding=&#8221;0px|||||&#8221; custom_margin=&#8221;-4px|auto||auto||&#8221; _builder_version=&#8221;3.26.3&#8243; min_height=&#8221;71px&#8221;][et_pb_column type=&#8221;2_5&#8243; _builder_version=&#8221;3.26.3&#8243;][et_pb_image src=&#8221;https:\/\/dlaoswiaty.pl\/wp-content\/uploads\/2023\/09\/MK02-scaled.jpg&#8221; _builder_version=&#8221;3.26.3&#8243; custom_margin=&#8221;||4px|||&#8221;][\/et_pb_image][et_pb_text _builder_version=&#8221;3.26.3&#8243; text_font=&#8221;Abel||||||||&#8221; text_font_size=&#8221;16px&#8221; text_text_color=&#8221;#000000&#8243;] Galeria Malarstwa Polskiego i Europejskiej Sztuki Zdobniczej [\/et_pb_text][et_pb_image src=&#8221;https:\/\/dlaoswiaty.pl\/wp-content\/uploads\/2023\/09\/MK03-scaled.jpg&#8221; _builder_version=&#8221;3.26.3&#8243; custom_margin=&#8221;-12px||22px|||&#8221;][\/et_pb_image][et_pb_text _builder_version=&#8221;3.26.3&#8243; text_font=&#8221;Abel||||||||&#8221; text_font_size=&#8221;16px&#8221; text_text_color=&#8221;#000000&#8243; custom_margin=&#8221;-17px||||false|false&#8221;] Izba sto\u0142owa g\u00f3rna Dawny Pa\u0142ac B.K. [\/et_pb_text][\/et_pb_column][et_pb_column type=&#8221;3_5&#8243; _builder_version=&#8221;3.26.3&#8243;][et_pb_text _builder_version=&#8221;3.26.3&#8243; [&hellip;]<\/p>\n","protected":false},"author":2,"featured_media":0,"parent":0,"menu_order":0,"comment_status":"closed","ping_status":"closed","template":"","meta":{"_et_pb_use_builder":"on","_et_pb_old_content":"","footnotes":""},"class_list":["post-2838","page","type-page","status-publish","hentry"],"_links":{"self":[{"href":"https:\/\/dlaoswiaty.pl\/index.php\/wp-json\/wp\/v2\/pages\/2838"}],"collection":[{"href":"https:\/\/dlaoswiaty.pl\/index.php\/wp-json\/wp\/v2\/pages"}],"about":[{"href":"https:\/\/dlaoswiaty.pl\/index.php\/wp-json\/wp\/v2\/types\/page"}],"author":[{"embeddable":true,"href":"https:\/\/dlaoswiaty.pl\/index.php\/wp-json\/wp\/v2\/users\/2"}],"replies":[{"embeddable":true,"href":"https:\/\/dlaoswiaty.pl\/index.php\/wp-json\/wp\/v2\/comments?post=2838"}],"version-history":[{"count":6,"href":"https:\/\/dlaoswiaty.pl\/index.php\/wp-json\/wp\/v2\/pages\/2838\/revisions"}],"predecessor-version":[{"id":2846,"href":"https:\/\/dlaoswiaty.pl\/index.php\/wp-json\/wp\/v2\/pages\/2838\/revisions\/2846"}],"wp:attachment":[{"href":"https:\/\/dlaoswiaty.pl\/index.php\/wp-json\/wp\/v2\/media?parent=2838"}],"curies":[{"name":"wp","href":"https:\/\/api.w.org\/{rel}","templated":true}]}}